- 195. Suppose 5*l + r = 5*v, -94 = -4*v - l - 28. Calculate the remainder when 46 is divided by v.
14
Let u = 0 - -13. Calculate the remainder when u is divided by 8.
5
Let o(l) = l**3 - 2*l**2 + l + 4. Let f = 0 - -4. Let z(s) = -13*s**3 - 2*s - 1. What is the remainder when o(f) is divided by z(-1)?
12
Suppose 0*q + 41 = q. What is the remainder when q is divided by 15?
11
Let j be (15/6 - 2)*6. Suppose -j*q = 2*q - 10. Calculate the remainder when 4 is divided by q.
0
Suppose -107*t - 19 = -108*t. What is the remainder when 35 is divided by t?
16
Let k = 1 + 14. What is the remainder when 29 is divided by k?
14
What is the remainder when -1*6/33 - 615/(-55) is divided by 2?
1
Suppose -15 = -5*l - 5*p, -5*p + 31 + 0 = -3*l. Calculate the remainder when 1*(30 - l*1) is divided by 17.
15
Let s be 3*(2 - 22/3). Let g = 25 + s. Calculate the remainder when 17 is divided by g.
8
Let v = -2 + 5. Suppose t - v*t + 6 = 0. Calculate the remainder when t is divided by 2.
1
Suppose 0 = -q - 4*r + 19, 3*r - 6*r = -4*q + 57. Let h = 0 + -7. Let t = q + h. What is the remainder when 30 is divided by t?
6
Let b = 3 - -4. What is the remainder when (2/(-3))/((-6)/117) is divided by b?
6
Let j = -39 - -76. Suppose -4*b + 110 = 5*k, -2*k - b + j = 2*b. What is the remainder when k is divided by 14?
12
Suppose 0 = 5*v + k - 0*k - 171, 0 = v + 4*k - 38. What is the remainder when v is divided by (0 - -7)*18/7?
16
Let f = 6 + 3. Let q(x) = -17*x**3 + x + 1. What is the remainder when q(-1) is divided by f?
8
Let r(s) = s**2 + 3*s - 12. Let u be r(6). Let q = 97 - u. What is the remainder when q is divided by 14?
13
Suppose -34 = 3*d - 97. Let z(u) = -9*u + 30. Let o(c) = -c + 3. Let i(g) = 63*o(g) - 6*z(g). What is the remainder when i(-8) is divided by d?
18
Suppose 3*u + 5*b = -u + 21, 11 = 3*u - b. Calculate the remainder when u is divided by (-16)/(-10) + 12/30.
0
Suppose -13 = -11*l + 9. What is the remainder when 29 is divided by l?
1
Suppose -t + 2 = -3*t. Let v be -27*(t + 2)*-4. Let k = v - 74. What is the remainder when k is divided by 12?
10
Let o be 1*(-3)/(6/(-44)). Let b = -15 + o. Let x = 13 - b. Calculate the remainder when x is divided by 4.
2
Suppose -c + 5 = -2*w, 5*c - 13 = -2*w - 0*c. Calculate the remainder when 19 + -4 + (w - -4) is divided by 7.
4
Calculate the remainder when 201*(-3)/(-12)*4 is divided by 29.
27
Suppose 2*y + 5*o + 20 = -3*y, -5*y - 3*o = 18. Suppose -v = -2*k - 11, -6*k = 3*v - k - 33. What is the remainder when (2 + 5)*y/(-1) is divided by v?
10
Let s = -8 - -34. What is the remainder when s is divided by 14?
12
Let z = 23 + -14. Let k(f) = f**3 + 8*f**2 + 2*f + 8. What is the remainder when k(-7) is divided by z?
7
Suppose 5 = 3*f - 31. Let w(r) = 5*r - 17. Let u(c) = c - 1. Let n(q) = 3*u(q) - w(q). Calculate the remainder when n(-10) is divided by f.
10
Suppose -v - 5 = -6. What is the remainder when 21 + v/(-1)*-1 is divided by 8?
6
Let s be (-42)/11 + 14/(-77). Let y = -5 + 8. Calculate the remainder when y is divided by -3*(s/(-12))/(-1).
0
Let o(k) = -k**2 + 10*k - 5. What is the remainder when o(4) is divided by 7?
5
Let f = 4 + 41. What is the remainder when 223 is divided by f?
43
Suppose 2*z + 4*u = 14, -2*z = -2*u - 21 - 11. Calculate the remainder when z is divided by 8.
5
Let q be 2/(-5) + (-6)/(-15). Let j = 6 + q. Suppose -w = -j*w + 80. Calculate the remainder when 46 is divided by w.
14
Suppose -2*y + 43 = j - 5*y, -j = -2*y - 42. What is the remainder when j is divided by 14?
12
Let v(t) = 4 + 3*t + 4*t**2 - t**3 - 2*t**2 + t**2. Let s be v(4). Suppose s*y + 16 = y. What is the remainder when 30 is divided by y?
14
Let c(k) = -k**3 - 6*k**2 + k + 2. Let g be c(-6). Let n = g - -3. Calculate the remainder when -42*n/(21/18) is divided by 19.
17
Suppose 0 = -x + 3*x + 14. Let y be -3*(-1 + x/3). Suppose -2*h + 1 = -0*h - n, -y = -2*n. Calculate the remainder when 4 is divided by h.
1
Suppose 0 = 5*i - 25 - 0. Calculate the remainder when (-5)/25 + 71/5 is divided by i.
4
Let l = -72 + 156. What is the remainder when l is divided by 22?
18
Suppose -y + 7*r + 29 = 2*r, 4*y - 41 = 5*r. Suppose 3*f - f + 6 = 0. Let p = -1 - f. What is the remainder when y is divided by p?
0
Let n = 182 + -127. What is the remainder when n is divided by 14?
13
Suppose -m = w - 109 - 58, -w = -5*m + 865. What is the remainder when m is divided by 44?
40
Calculate the remainder when 51 is divided by (-82)/(-3) - (-5)/(-15).
24
Suppose -73 - 87 = -5*s. Let o = -1 + 12. What is the remainder when s is divided by o?
10
Let x(j) = -4*j - 7. What is the remainder when 57 is divided by x(-6)?
6
Let d = 0 - -8. What is the remainder when (1/3)/((25/66)/25) is divided by d?
6
Let p(k) = -k**3 + 5*k**2 - k - 3. What is the remainder when 35 is divided by p(3)?
11
Suppose 4*r + 3*g = 155, 0 = r - g + 3*g - 45. What is the remainder when r is divided by 18?
17
Let t(d) = d**3 + d - 6. Let h be t(0). Let x be (4/(-8))/(1/h). Suppose -10 = x*u - 4, -5*z + 72 = 4*u. What is the remainder when z is divided by 9?
7
Let z(j) = -7*j + 45. Suppose 5*o + 165 = 5*b, -4*b + o = -2*o - 137. Calculate the remainder when b is divided by z(5).
8
Let w(k) = k**2 + 19. Calculate the remainder when 36 is divided by w(0).
17
Let t(c) be the first derivative of c**3/3 + 2*c**2 + 10*c - 2. What is the remainder when t(-7) is divided by 16?
15
Suppose -4*j = 146 + 170. Let w = j + 142. What is the remainder when w is divided by 13?
11
Let n = 11 + -7. Let w = n + -4. Calculate the remainder when 28 is divided by 13 + w + 8/4.
13
Suppose -2*u + 2*j - 4*j + 378 = 0, -2*u + 5*j + 378 = 0. What is the remainder when u is divided by 48?
45
Let g(a) = 204 + 0*a + a + a**2 + 106. Let c be g(0). What is the remainder when (-3)/4 + c/8 is divided by 10?
8
Let n be (-121)/(-2) - 2/4. Let o(c) = -c**3 - 4*c**2 - 5*c + 2. Let t be o(-4). Let v = n - t. Calculate the remainder when v is divided by 13.
12
Calculate the remainder when 33 is divided by -2 + 3*56/12.
9
Let t(x) = x - 4. Calculate the remainder when 7 is divided by t(8).
3
Let a = 26 + -17. Calculate the remainder when a is divided by 6.
3
Let k(q) be the first derivative of q**2 + 4*q + 7. What is the remainder when 13 is divided by k(0)?
1
Let z = -75 + 119. Calculate the remainder when z is divided by 17.
10
Let k(u) = 0*u + 4*u - 14 + 0*u. What is the remainder when 38 is divided by k(6)?
8
Let n = 6 - -36. Calculate the remainder when n is divided by 22.
20
Let a(g) = 0*g + 0 + 4 + 3*g. Suppose -k - k - 8 = 0, -4*p = 5*k - 20. What is the remainder when a(5) is divided by p?
9
Suppose 3*z - 10 = -4*x, -3*z - 5*x = -3*x - 8. Calculate the remainder when z is divided by 2.
0
Let i(a) = -a**3 + 14*a**2 + 4*a + 15. Let f be i(15). What is the remainder when (-52)/(-65)*f/(-4) is divided by 8?
6
Let l be 38/4 - (-3)/6. Let b = -7 + l. Suppose -2*r + 4*s + 30 = -s, 2*s = b*r - 34. What is the remainder when 18 is divided by r?
8
Let b = 24 - -71. What is the remainder when b is divided by 14?
11
What is the remainder when (100/25)/(2/13) is divided by 6?
2
Let c(n) = -143*n + 1. Let h be c(-2). Suppose -5*w + h = 82. Let a(s) = s**3 - 4*s**2 + 4*s + 5. Calculate the remainder when w is divided by a(4).
20
Suppose i + 25 = 6*i. Calculate the remainder when (-1 - -9) + 0 + -1 is divided by i.
2
Suppose k + 4*k = 35. Suppose -5*b + 3*n = -23, -3*b - 4*n + 30 = -k. Calculate the remainder when b is divided by 4.
3
Let v(l) = -14*l - 2. Suppose 4*a - 48 = -2*s, -s = -3*a + a - 4. What is the remainder when v(-3) is divided by s?
12
Let x(k) = 12*k. Let f = -7 - -10. Suppose -3*g + 2*r = 3*r - 97, f*g = -5*r + 77. What is the remainder when g is divided by x(1)?
10
Suppose 0*f + 28 = f. What is the remainder when 109 is divided by f?
25
Let b(m) = -m**3 + 3*m**2 - 2*m - 2. Let z(l) = l - 4. Let r be z(6). Let k be b(r). What is the remainder when 22 is divided by k/9 - 296/(-36)?
6
Let t(j) = -j**2 + 10*j + 11. Calculate the remainder when 38 is divided by t(9).
18
Let c = -18 + 58. Suppose -2*n - c = -6*n. What is the remainder when 29 is divided by n?
9
Let y(z) = 7*z**2 - 3*z + 1. Let o(r) = r**3 - 7*r**2 + 5*r + 8. Let j be o(6). Let h be y(j). Let m = 46 - h. Calculate the remainder when m is divided by 1